vided by c(-2).
4
Suppose 5*p = -4*m + 186, p - 184 = -4*m - 3*p. Calculate the remainder when m is divided by 5.
4
Let p = 3 + -4. Let r = p + -2. What is the remainder when r + 18 + 0/1 is divided by 8?
7
Let t(r) = 5*r - 7. What is the remainder when t(6) is divided by ((-24)/(-14))/((-2)/(-14))?
11
Let l = 15 + -6. What is the remainder when l is divided by 4?
1
Suppose -2 + 6 = 2*k. Suppose u = -k*w - 18, -4*u - 93 = w - 7. What is the remainder when (-8)/(-4) + u/(-1) is divided by 9?
6
Let d = 185 + -107. Calculate the remainder when d is divided by 20.
18
Let n = -4 + 10. Let p = -4 + n. Suppose -5*d = -3*v - 13, -p*d - 2*v + 1 = v. Calculate the remainder when 3 is divided by d.
1
Let f(p) = p**2 - 8. Let z be f(5). Let s = z + -14. What is the remainder when 9 is divided by s?
0
Let l = -48 - -62. Calculate the remainder when 83 is divided by l.
13
Let a(i) = 6*i**2 + 13*i - 2. What is the remainder when 164 is divided by a(-4)?
38
Let d = -175 - -232. What is the remainder when 109 is divided by d?
52
Let s = -1 - -4. Suppose -66 = -s*p - 0*p. What is the remainder when p is divided by 12?
10
Let k(f) = 11*f**2 - 2*f - 2. Let u be k(2). Let x = u + -19. What is the remainder when x is divided by 11?
8
Calculate the remainder when 17 is divided by 80/(-25)*15/(-6)*1.
1
Let b be 4 - 2 - (0 - -1). Let g = b - -17. What is the remainder when 33 is divided by g?
15
Suppose -5*c - 5 = -70. Suppose 0*h = 2*h + 66. Let k = h - -70. What is the remainder when k is divided by c?
11
Let l be -11 + 2 + -4 + 2. Let w = l + 19. Calculate the remainder when 23 is divided by w.
7
Let s = -19 + 33. Suppose -167 = -3*f - 6*w + w, w = 1. Let y = 81 - f. Calculate the remainder when y is divided by s.
13
Suppose -99 = -3*y - 2*i, -i + 0*i = 5*y - 172. What is the remainder when y is divided by 14?
7
Suppose -2*c - 23 = -5*h - 6, -4 = 4*c - 4*h. Suppose 25 = 5*j, 4*j - c = -2*v + 92. Suppose 4*q - 24 = 28. What is the remainder when v is divided by q?
12
What is the remainder when 87 is divided by 6 + (3 - -2)*1 + -1?
7
Suppose 8*u - 5*b = 3*u, b = 4*u - 12. Let m = 34 + -24. What is the remainder when m is divided by u?
2
Let i = 17 + -15. Calculate the remainder when 4 is divided by i.
0
Suppose -5*c - 20 = 0, -2*c - 57 = -f + 2. Suppose -m = -4*m + f. What is the remainder when m is divided by (-61)/(-6) + 47/(-282)?
7
Let q(m) = m**2 - 2*m + 3. Let l = -2 - -5. Let c be q(l). Suppose -85 = -c*z + z. Calculate the remainder when z is divided by 6.
5
Let m = -8 - -4. Let g = 32 + m. Suppose u + 3*u - g = 0. Calculate the remainder when 20 is divided by u.
6
Let a = -4 + 6. Suppose -w - 2*s = 4*w - 21, -s - a = 0. Suppose w*u = -4*l + 10, -3*l - 2 = -3*u + 4. Calculate the remainder when 4 is divided by u.
0
Suppose p + 2 = 24. What is the remainder when 41 is divided by p?
19
Suppose -32*v + 124 = -30*v. What is the remainder when v is divided by 18?
8
Let a be (-4)/7*42/(-12). Suppose 28 + 0 = a*g. Suppose 0 = -3*l + g + 4. What is the remainder when 11 is divided by l?
5
Let p(g) = g**2 + 8*g - 8. What is the remainder when p(-11) is divided by 9?
7
Suppose 4*k - 4 = 8. Let h(a) = 5*a**2 - 2*a - 4. Suppose 4*c + 6*r - r = 63, -42 = -4*c + 2*r. What is the remainder when h(k) is divided by c?
11
Let q = 0 - 2. Let j be 54/8 + (-2)/(-8). Let s = q + j. What is the remainder when s is divided by 3?
2
Suppose 5*n - 111 = 109. Let d be n/7 - 6/21. What is the remainder when 44 is divided by (45/(-6))/((-3)/d)?
14
Let q = 98 + -1. Calculate the remainder when q is divided by 17.
12
Let a(s) = s**2 + 6*s + 9. Suppose -2*g = 3 - 7. Suppose 3*y - 68 = -2*q, -2*y + 39 = -g*q - 23. Calculate the remainder when y is divided by a(-6).
8
Suppose 2*k + 2*q = -0*k + 54, -3*k = -3*q - 99. Calculate the remainder when k is divided by 16.
14
Let q = -215 - -327. What is the remainder when q is divided by 39?
34
Suppose d - 5*m = 58, -m = 4*d - 159 - 10. What is the remainder when d is divided by 9?
7
Let n(i) = 26*i**2 + 3*i + 4. Let t(g) = 52*g**2 + 7*g + 9. Let s(a) = 9*n(a) - 4*t(a). What is the remainder when 80 is divided by s(-1)?
26
Let v = 9 - 6. Suppose -v*q = -100 - 44. What is the remainder when q is divided by 17?
14
Suppose 43 = 4*d - 5*f, -4*d + 34 = -0*d - 2*f. Suppose 0*s - 25 = -j - 2*s, -2*j - 3*s + 47 = 0. Calculate the remainder when j is divided by d.
5
Let n(p) = -p + 7. Let r be n(3). Suppose 56 = r*k - 0*k. Suppose 0 = -t - 5*s + k, t = -2*t + 4*s + 61. Calculate the remainder when t is divided by 10.
9
Suppose 0 = -4*l + 4*t + 16, -3*l - 2 = -2*l - 3*t. What is the remainder when 27 is divided by l?
6
Suppose 0 = -3*y - a + 4 + 71, -33 = -2*y + 5*a. Let x(s) = 6*s - 34. What is the remainder when y is divided by x(8)?
10
Suppose 3*s + 25 = o - s, 5*s = -5*o + 125. Suppose -3*i + 8 = -o. Calculate the remainder when i is divided by 1 - (3 - (2 + 4)).
3
What is the remainder when -38*4/(-16)*2 is divided by 10?
9
Let y(t) be the second derivative of -t**3/3 - 3*t**2 + 3*t. What is the remainder when 7 is divided by y(-4)?
1
Let u = -194 + 198. Suppose 4 + 3 = y. What is the remainder when y is divided by u?
3
Let k(p) be the first derivative of -40*p**2 - 2*p - 1. Let x be k(-2). What is the remainder when 32 is divided by (-6)/21 - x/(-14)?
10
Suppose -4*a = -3*f + 43, 0 = -4*a + 6*a + 8. What is the remainder when 34 is divided by f?
7
What is the remainder when 134 is divided by 3040/90 - ((-2)/9)/1?
32
Suppose 0 = 3*c - 4 - 11. Suppose 0 = l + 2*h + 1, 0*l - h + 7 = 3*l. Let q = l - -6. Calculate the remainder when q is divided by c.
4
Suppose -132 = -4*j + 4. Suppose -v = t - 13, -3*v - 2*t + 1 = -j. Calculate the remainder when 25 is divided by v.
7
Suppose 3*k = -2*k + 15. Let w be (-1 - -1)/(3/1). Suppose 2 = u - w. What is the remainder when k is divided by u?
1
Calculate the remainder when (1/(-3)*-2)/((-2)/(-108)) is divided by 13.
10
Suppose 5*m + 8 = 2*v, 3*v - 6*m - 26 = -2*m. Calculate the remainder when 54/(3 - (-5)/(-5)) is divided by v.
13
Calculate the remainder when 1884/15 - (-4)/10 is divided by 32.
30
Let w = -66 + 99. What is the remainder when 130 is divided by w?
31
Suppose 0 = 2*o + 5*p + 17 - 68, 0 = -4*o + 4*p + 172. What is the remainder when 112 is divided by o?
36
Suppose 5*a + 4 = -n, -3*n + 19 = -n + a. Suppose -3*j - 29 = -122. Calculate the remainder when j is divided by n.
9
Suppose 0 = q - 11 - 0. Let x(y) = 2*y**2 + 12*y + 39. Calculate the remainder when x(-5) is divided by q.
7
Let m(c) = -4*c - 19. What is the remainder when m(-22) is divided by 7?
6
Let w(k) be the third derivative of -k**4/6 + k**3/2 + 5*k**2. Let m = 43 - 31. What is the remainder when w(-8) is divided by m?
11
Suppose 10*a - 5*a - 32 = d, 4*a - 4*d - 32 = 0. Calculate the remainder when 15 is divided by a.
3
Let w(g) = g**3 + 10*g**2 - g + 11. Let z be w(-9). Suppose 3*d - z = 202. What is the remainder when d is divided by 26?
23
Let u = 12 - 22. What is the remainder when 19 is divided by (0/(-1))/(-3) - u?
9
Suppose 3*m - 17 = 1. Let a = m - 1. Calculate the remainder when a is divided by 2 - (2 + -3 + 0).
2
Suppose 4 = -11*x + 12*x. What is the remainder when x is divided by 2?
0
Let g = 23 + -11. Suppose -5*d + 2*x = -40, -32 + g = 4*x. Calculate the remainder when 10 is divided by d.
4
Let w(h) = -6*h + 110. What is the remainder when 75 is divided by w(13)?
11
Suppose -2*y + y = 0. Suppose 3*s + 3*s = 288. Suppose -2*l + s = -y*l. What is the remainder when l is divided by 13?
11
Suppose 0 + 3 = h. Let z(w) = 6*w - 4. Let o(l) = 2*l - 1. Let g(t) = 7*o(t) - 2*z(t). Calculate the remainder when g(h) is divided by 3.
1
Suppose 135 = 5*o - 4*u, 2*o - 83 + 29 = 4*u. What is the remainder when o is divided by 10?
7
Suppose 55 = 5*z - 3*n, 4*z + 2*n + 28 = 94. What is the remainder when (-80)/(-6)*(1 + 2) is divided by z?
12
Let z = -4 + 10. What is the remainder when -2*4/(-6)*z is divided by 5?
3
Suppose s = -4*s + 180. Calculate the remainder when 69 is divided by s.
33
Suppose -m + 8 + 12 = 0. Let j(i) = -i - 1. Let o be j(-3). Suppose p = o*w + 48, -65 + 330 = 5*p - 5*w. Calculate the remainder when p is divided by m.
18
What is the remainder when 89 is divided by 5*3/75*115?
20
Let v(a) = -14*a**2 + 14*a + 12. Let z(h) = 